0
Calculate the highest common divisor of 16 and 272.
16
Calculate the highest common factor of 24 and 32.
8
Calculate the greatest common divisor of 412 and 1751.
103
Calculate the greatest common factor of 84 and 378.
42
Calculate the highest common factor of 296 and 32.
8
Calculate the highest common factor of 17 and 17.
17
Calculate the highest common divisor of 68 and 16626.
34
What is the greatest common factor of 14133 and 63?
21
What is the highest common divisor of 335 and 603?
67
Calculate the greatest common divisor of 5814 and 1368.
342
Calculate the highest common factor of 24 and 304.
8
What is the greatest common factor of 90 and 90?
90
What is the greatest common divisor of 2 and 6?
2
Calculate the greatest common factor of 229 and 2977.
229
Calculate the highest common factor of 27 and 117.
9
What is the greatest common divisor of 2808 and 26?
26
What is the greatest common factor of 13838 and 2992?
374
Calculate the greatest common factor of 68 and 102.
34
Calculate the greatest common divisor of 43 and 11051.
43
What is the greatest common divisor of 9202 and 86?
86
Calculate the greatest common divisor of 24 and 88.
8
Calculate the greatest common factor of 114 and 2.
2
Calculate the greatest common factor of 45 and 10.
5
Calculate the highest common divisor of 68 and 68.
68
Calculate the greatest common factor of 525 and 5565.
105
What is the highest common factor of 18 and 4?
2
What is the greatest common factor of 74341 and 17?
17
Calculate the greatest common divisor of 72 and 2916.
36
Calculate the highest common divisor of 115 and 10.
5
Calculate the greatest common divisor of 180 and 7128.
36
Calculate the greatest common factor of 329 and 799.
47
Calculate the highest common factor of 52 and 754.
26
What is the greatest common factor of 150 and 2450?
50
Calculate the highest common divisor of 387 and 9.
9
What is the greatest common divisor of 31990 and 140?
70
Calculate the greatest common factor of 27 and 51.
3
What is the highest common divisor of 24 and 78?
6
Calculate the highest common divisor of 424 and 24.
8
What is the highest common factor of 54 and 486?
54
What is the greatest common divisor of 2059 and 29?
29
Calculate the greatest common divisor of 27 and 159.
3
What is the greatest common factor of 845 and 10?
5
Calculate the highest common factor of 24 and 2120.
8
What is the highest common factor of 640 and 85?
5
Calculate the greatest common divisor of 68 and 3842.
34
What is the greatest common factor of 1886 and 82?
82
What is the greatest common divisor of 890 and 20?
10
Calculate the greatest common divisor of 81 and 207.
9
Calculate the highest common factor of 9576 and 36.
36
Calculate the greatest common factor of 272 and 208.
16
Calculate the greatest common factor of 800 and 280.
40
What is the highest common divisor of 60 and 12?
12
What is the highest common factor of 841 and 203?
29
Calculate the greatest common factor of 3 and 75.
3
Calculate the highest common divisor of 18 and 25962.
6
What is the highest common factor of 2349 and 243?
81
Calculate the greatest common factor of 236 and 2773.
59
Calculate the highest common factor of 309 and 3.
3
What is the highest common divisor of 371 and 106?
53
What is the highest common divisor of 4873 and 11?
11
Calculate the highest common factor of 3125 and 50.
25
What is the greatest common divisor of 327 and 436?
109
What is the highest common divisor of 16036 and 4?
4
What is the greatest common factor of 483 and 21?
21
What is the greatest common divisor of 50 and 950?
50
Calculate the highest common divisor of 17 and 12427.
17
What is the greatest common divisor of 899 and 3317?
31
Calculate the greatest common divisor of 198 and 1342.
22
What is the greatest common divisor of 980 and 460?
20
What is the highest common factor of 403 and 62?
31
What is the highest common divisor of 511 and 219?
73
What is the greatest common divisor of 55 and 590?
5
Calculate the greatest common divisor of 799 and 17.
17
What is the greatest common factor of 56 and 154?
14
What is the highest common factor of 2 and 74?
2
What is the greatest common divisor of 56 and 1512?
56
Calculate the greatest common divisor of 16 and 384.
16
What is the highest common factor of 44 and 36?
4
What is the highest common divisor of 4576 and 1760?
352
What is the highest common factor of 7 and 1442?
7
What is the greatest common factor of 71 and 3337?
71
What is the highest common divisor of 132 and 418?
22
Calculate the greatest common divisor of 1275 and 450.
75
What is the greatest common divisor of 806 and 248?
62
Calculate the greatest common factor of 36 and 1962.
18
What is the highest common divisor of 963 and 45?
9
Calculate the greatest common divisor of 40 and 680.
40
Calculate the greatest common factor of 36 and 60.
12
Calculate the highest common factor of 20 and 55.
5
Calculate the greatest common factor of 2822 and 68.
34
What is the highest common factor of 24 and 160?
8
What is the highest common factor of 1848 and 14?
14
Calculate the highest common divisor of 2167 and 11.
11
What is the highest common factor of 308 and 35?
7
What is the highest common divisor of 70 and 770?
70
What is the greatest common factor of 14 and 166?
2
What is the greatest common divisor of 1595 and 10005?
145
Calculate the highest common factor of 21 and 42.
21
What is the highest common factor of 1 and 3261?
1
Calculate the greatest common factor of 364 and 7.
7
Calculate the greatest common factor of 91 and 23296.
91
Calculate the highest common divisor of 3 and 149.
1
What is the greatest common divisor of 1210 and 2662?
242
Calculate the greatest common factor of 1111 and 22.
11
What is the highest common factor of 690 and 135?
15
What is the highest common factor of 2 and 3702?
2
Calculate the highest common factor of 174 and 33.
3
What is the greatest common divisor of 67 and 16281?
67
What is the greatest common factor of 26 and 4303?
13
Calculate the greatest common divisor of 335 and 67.
67
Calculate the highest common divisor of 18 and 549.
9
Calculate the highest common factor of 5405 and 115.
115
What is the greatest common divisor of 1 and 1439?
1
Calculate the greatest common divisor of 69 and 4416.
69
What is the greatest common factor of 45 and 9?
9
What is the greatest common divisor of 6466 and 742?
106
What is the greatest common divisor of 1683 and 44?
11
What is the highest common divisor of 22 and 11?
11
Calculate the greatest common divisor of 12 and 1584.
12
What is the greatest common divisor of 1918 and 14?
14
Calculate the greatest common divisor of 7006 and 62.
62
Calculate the greatest common divisor of 156 and 1116.
12
What is the greatest common factor of 14 and 77?
7
Calculate the greatest common divisor of 101452 and 52.
52
What is the greatest common factor of 52 and 13?
13
What is the greatest common divisor of 1287 and 156?
39
Calculate the highest common factor of 159 and 3.
3
Calculate the highest common factor of 12 and 42.
6
Calculate the highest common factor of 623 and 448.
7
What is the highest common factor of 10 and 16?
2
What is the greatest common divisor of 2975 and 119?
119
What is the greatest common factor of 3 and 3189?
3
Calculate the greatest common factor of 322 and 92.
46
What is the greatest common factor of 2595 and 75?
15
What is the greatest common factor of 44 and 638?
22
Calculate the greatest common divisor of 28 and 30604.
28
What is the greatest common divisor of 68 and 1207?
17
Calculate the greatest common factor of 640 and 4320.
160
What is the highest common factor of 642 and 40?
2
What is the greatest common divisor of 716 and 4?
4
Calculate the greatest common factor of 105 and 280.
35
Calculate the highest common divisor of 81 and 1539.
81
What is the highest common factor of 2888 and 16?
8
Calculate the highest common divisor of 136 and 8.
8
What is the highest common divisor of 1121 and 118?
59
What is the highest common divisor of 150 and 40?
10
Calculate the highest common factor of 123 and 451.
41
What is the highest common divisor of 45 and 435?
15
Calculate the highest common factor of 195 and 1248.
39
Calculate the highest common divisor of 210 and 70.
70
What is the highest common factor of 3